me factors of 10025536.
2, 43, 3643
List the prime factors of 26013259.
197, 132047
What are the prime factors of 172359?
3, 11, 1741
List the prime factors of 111331.
11, 29, 349
What are the prime factors of 1943375?
5, 7, 2221
List the prime factors of 13665866.
2, 1091, 6263
What are the prime factors of 6968201?
67, 104003
List the prime factors of 1264.
2, 79
List the prime factors of 336421.
23, 14627
List the prime factors of 6161881.
11, 560171
What are the prime factors of 761728?
2, 11, 541
List the prime factors of 4305006.
2, 3, 239167
List the prime factors of 12633147.
3, 1403683
What are the prime factors of 202314?
2, 3, 7, 4817
What are the prime factors of 992891?
992891
List the prime factors of 177587.
257, 691
What are the prime factors of 555569?
7, 79367
List the prime factors of 7721194.
2, 13, 296969
List the prime factors of 188303.
188303
List the prime factors of 1650862.
2, 131, 6301
What are the prime factors of 699935?
5, 139987
List the prime factors of 135437.
167, 811
List the prime factors of 1037810.
2, 5, 59, 1759
List the prime factors of 3669556.
2, 11, 83399
What are the prime factors of 5767211?
431, 13381
What are the prime factors of 709784?
2, 17, 307
List the prime factors of 1828185.
3, 5, 307, 397
What are the prime factors of 162803?
71, 2293
List the prime factors of 70334.
2, 11, 23, 139
What are the prime factors of 5588182?
2, 107, 26113
List the prime factors of 10531938.
2, 3, 547, 3209
List the prime factors of 2746752.
2, 3, 23, 311
List the prime factors of 1255353.
3, 11, 109, 349
What are the prime factors of 489027?
3, 7, 11, 29, 73
What are the prime factors of 266221?
266221
List the prime factors of 16470249.
3, 127, 139, 311
What are the prime factors of 1014620?
2, 5, 97, 523
List the prime factors of 367659.
3, 17, 89
List the prime factors of 879543.
3, 7, 23, 607
What are the prime factors of 110240?
2, 5, 13, 53
List the prime factors of 1020707.
1020707
What are the prime factors of 236104?
2, 11, 2683
List the prime factors of 2312670.
2, 3, 5, 127, 607
List the prime factors of 5648171.
1277, 4423
List the prime factors of 570216.
2, 3, 23, 1033
What are the prime factors of 384061?
384061
What are the prime factors of 97416?
2, 3, 11, 41
What are the prime factors of 1216401?
3, 17, 23, 61
What are the prime factors of 332636?
2, 137, 607
What are the prime factors of 617784?
2, 3, 25741
List the prime factors of 382289.
53, 7213
What are the prime factors of 38042?
2, 23, 827
List the prime factors of 180017.
31, 5807
List the prime factors of 21672997.
21672997
What are the prime factors of 159885?
3, 5, 11, 17, 19
What are the prime factors of 5847361?
13, 449797
List the prime factors of 6616426.
2, 61, 193, 281
What are the prime factors of 10271996?
2, 7, 71, 5167
What are the prime factors of 7220593?
773, 9341
List the prime factors of 1355655.
3, 5, 7, 12911
List the prime factors of 431591.
43, 10037
List the prime factors of 193999.
13, 14923
What are the prime factors of 5029201?
5029201
What are the prime factors of 3177648?
2, 3, 22067
List the prime factors of 469528.
2, 19, 3089
List the prime factors of 1316231.
7, 59, 3187
List the prime factors of 486088.
2, 60761
List the prime factors of 60467.
11, 23, 239
What are the prime factors of 448909?
41, 10949
What are the prime factors of 1967136?
2, 3, 31, 661
List the prime factors of 416214.
2, 3, 19, 1217
List the prime factors of 153541.
53, 2897
List the prime factors of 8043238.
2, 7, 23, 24979
List the prime factors of 39501.
3, 7, 11, 19
What are the prime factors of 1965181?
37, 53113
What are the prime factors of 79089?
3, 41, 643
List the prime factors of 333942.
2, 3, 7, 7951
List the prime factors of 154996.
2, 38749
List the prime factors of 315753.
3, 105251
List the prime factors of 8663060.
2, 5, 7, 61879
What are the prime factors of 1271464?
2, 17, 9349
List the prime factors of 1004436.
2, 3, 27901
What are the prime factors of 8491661?
2749, 3089
What are the prime factors of 6780680?
2, 5, 283, 599
What are the prime factors of 19806?
2, 3, 3301
List the prime factors of 4476600.
2, 3, 5, 829
List the prime factors of 21669163.
3623, 5981
What are the prime factors of 1143791?
11, 103981
What are the prime factors of 10635249?
3, 3545083
What are the prime factors of 29461558?
2, 7, 2104397
What are the prime factors of 178682?
2, 7, 12763
What are the prime factors of 133712?
2, 61, 137
List the prime factors of 830840.
2, 5, 20771
What are the prime factors of 15417726?
2, 3, 31, 82891
List the prime factors of 251079.
3, 127, 659
What are the prime factors of 5191691?
43, 120737
List the prime factors of 4187139.
3, 11, 31, 4093
What are the prime factors of 954568?
2, 119321
List the prime factors of 12916360.
2, 5, 137, 2357
What are the prime factors of 2697899?
29, 31, 3001
What are the prime factors of 676649?
676649
List the prime factors of 10318249.
10318249
What are the prime factors of 2209869?
3, 81847
What are the prime factors of 694812?
2, 3, 57901
What are the prime factors of 120830?
2, 5, 43, 281
What are the prime factors of 156679?
156679
List the prime factors of 1575989.
1575989
List the prime factors of 1397245.
5, 113, 2473
What are the prime factors of 8405345?
5, 13, 129313
What are the prime factors of 987011?
59, 16729
What are the prime factors of 492625?
5, 7, 563
What are the prime factors of 17625979?
7, 389, 6473
List the prime factors of 6468862.
2, 53, 61027
List the prime factors of 1739182.
2, 83, 10477
List the prime factors of 1170682.
2, 585341
List the prime factors of 6726865.
5, 181, 7433
List the prime factors of 1114791.
3, 31, 11987
List the prime factors of 18451596.
2, 3, 17, 151, 599
List the prime factors of 144210.
2, 3, 5, 11, 19, 23
List the prime factors of 482432.
2, 3769
What are the prime factors of 3008652?
2, 3, 250721
List the prime factors of 893695.
5, 11, 16249
List the prime factors of 5227613.
5227613
What are the prime factors of 540009?
3, 29, 2069
What are the prime factors of 224923?
37, 6079
List the prime factors of 961271.
109, 8819
List the prime factors of 408771.
3, 11, 4129
What are the prime factors of 265822?
2, 132911
What are the prime factors of 3272635?
5, 654527
List the prime factors of 50213.
149, 337
What are the prime factors of 7766687?
19, 408773
What are the prime factors of 18373?
19, 967
What are the prime factors of 1748207?
23, 29, 2621
List the prime factors of 468478.
2, 234239
What are the prime factors of 6266676?
2, 3, 13, 17, 139
List the prime factors of 230158.
2, 115079
What are the prime factors of 1306861?
419, 3119
List the prime factors of 201059.
17, 11827
What are the prime factors of 41474027?
7, 311, 19051
List the prime factors of 3284385.
3, 5, 13, 16843
What are the prime factors of 128682?
2, 3, 2383
List the prime factors of 6115375.
5, 7, 29, 241
List the prime factors of 13459927.
13, 1035379
What are the prime factors of 7103732?
2, 1775933
List the prime factors of 604804.
2, 151201
What are the prime factors of 1010160?
2, 3, 5, 23, 61
List the prime factors of 1105673.
997, 1109
List the prime factors of 468732.
2, 3, 11, 53, 67
List the prime factors of 230521.
29, 7949
List the prime factors of 467201.
7, 31, 2153
List the prime factors of 8013909.
3, 239, 11177
List the prime factors of 292138.
2, 7, 11, 271
What are the prime factors of 420967?
420967
What are the prime factors of 762306?
2, 3, 127051
List the prime factors of 381150.
2, 3, 5, 7, 11
List the prime factors of 164789.
164789
List the prime factors of 777033.
3, 53, 181
What are the prime factors of 279043?
263, 1061
What are the prime factors of 418683?
3, 67, 2083
List the prime factors of 6171333.
3, 7, 19, 15467
List the prime factors of 11254586.
2, 7, 37, 21727
What are the prime factors of 1165716?
2, 3, 32381
What are the prime factors of 16215155?
5, 11, 294821
List the prime factors of 283083.
3, 127, 743
List the prime factors of 22468911.
3, 59, 126943
List the prime factors of 1026482.
2, 59, 8699
List the prime factors of 173022.
2, 3, 28837
List the prime factors of 541721.
541721
What are the prime factors of 4287251?
79, 54269
What are the prime factors of 7376518?
2, 269,